[INFO] cloning repository https://github.com/man0lis/ascii-star
[INFO] running `Command { std: "git" "-c" "credential.helper=" "-c" "credential.helper=/workspace/cargo-home/bin/git-credential-null" "clone" "--bare" "https://github.com/man0lis/ascii-star" "/workspace/cache/git-repos/https%3A%2F%2Fgithub.com%2Fman0lis%2Fascii-star", kill_on_drop: false }`
[INFO] [stderr] Cloning into bare repository '/workspace/cache/git-repos/https%3A%2F%2Fgithub.com%2Fman0lis%2Fascii-star'...
[INFO] running `Command { std: "git" "rev-parse" "HEAD", kill_on_drop: false }`
[INFO] [stdout] 56d93539c4778ba3cfb9efcef8abfeff6c679649
[INFO] checking man0lis/ascii-star against try#72f88fc4e9458f89516a0b8b0868f3718aec5b47 for pr-74989
[INFO] running `Command { std: "git" "clone" "/workspace/cache/git-repos/https%3A%2F%2Fgithub.com%2Fman0lis%2Fascii-star" "/workspace/builds/worker-7/source", kill_on_drop: false }`
[INFO] [stderr] Cloning into '/workspace/builds/worker-7/source'...
[INFO] [stderr] done.
[INFO] validating manifest of git repo https://github.com/man0lis/ascii-star on toolchain 72f88fc4e9458f89516a0b8b0868f3718aec5b47
[INFO] running `Command { std: "/workspace/cargo-home/bin/cargo" "+72f88fc4e9458f89516a0b8b0868f3718aec5b47" "read-manifest" "--manifest-path" "Cargo.toml", kill_on_drop: false }`
[INFO] started tweaking git repo https://github.com/man0lis/ascii-star
[INFO] finished tweaking git repo https://github.com/man0lis/ascii-star
[INFO] tweaked toml for git repo https://github.com/man0lis/ascii-star written to /workspace/builds/worker-7/source/Cargo.toml
[INFO] crate git repo https://github.com/man0lis/ascii-star already has a lockfile, it will not be regenerated
[INFO] running `Command { std: "/workspace/cargo-home/bin/cargo" "+72f88fc4e9458f89516a0b8b0868f3718aec5b47" "fetch" "--locked" "--manifest-path" "Cargo.toml", kill_on_drop: false }`
[INFO] [stderr]  Downloading crates ...
[INFO] [stderr]   Downloaded procedural-masquerade v0.1.5
[INFO] [stderr]   Downloaded pitch_calc v0.11.1
[INFO] [stderr]   Downloaded chardet v0.2.4
[INFO] [stderr]   Downloaded parking_lot_core v0.2.8
[INFO] [stderr]   Downloaded alto v3.0.1
[INFO] [stderr]   Downloaded gstreamer-sys v0.3.0
[INFO] [stderr]   Downloaded rental v0.4.16
[INFO] [stderr]   Downloaded al-sys v0.5.1
[INFO] [stderr]   Downloaded rental-impl v0.4.15
[INFO] [stderr]   Downloaded gstreamer v0.9.1
[INFO] [stderr]   Downloaded ultrastar-txt v0.1.1
[INFO] running `Command { std: "docker" "create" "-v" "/var/lib/crater-agent-workspace/builds/worker-7/target:/opt/rustwide/target:rw,Z" "-v" "/var/lib/crater-agent-workspace/builds/worker-7/source:/opt/rustwide/workdir:ro,Z" "-v" "/var/lib/crater-agent-workspace/cargo-home:/opt/rustwide/cargo-home:ro,Z" "-v" "/var/lib/crater-agent-workspace/rustup-home:/opt/rustwide/rustup-home:ro,Z" "-e" "SOURCE_DIR=/opt/rustwide/workdir" "-e" "CARGO_TARGET_DIR=/opt/rustwide/target" "-e" "CARGO_HOME=/opt/rustwide/cargo-home" "-e" "RUSTUP_HOME=/opt/rustwide/rustup-home" "-w" "/opt/rustwide/workdir" "-m" "1610612736" "--user" "0:0" "--network" "none" "rustops/crates-build-env@sha256:d92eaeed33fa75130ca1ee6c8a01d1ffb62bac859dfdfb3450e3e5d1c0146529" "/opt/rustwide/cargo-home/bin/cargo" "+72f88fc4e9458f89516a0b8b0868f3718aec5b47" "metadata" "--no-deps" "--format-version=1", kill_on_drop: false }`
[INFO] [stdout] 27c22db71387248d6879a96042d66c3a2f7830e59b081d80781f35f522e8d992
[INFO] [stderr] WARNING: Your kernel does not support swap limit capabilities or the cgroup is not mounted. Memory limited without swap.
[INFO] running `Command { std: "docker" "start" "-a" "27c22db71387248d6879a96042d66c3a2f7830e59b081d80781f35f522e8d992", kill_on_drop: false }`
[INFO] running `Command { std: "docker" "inspect" "27c22db71387248d6879a96042d66c3a2f7830e59b081d80781f35f522e8d992", kill_on_drop: false }`
[INFO] running `Command { std: "docker" "rm" "-f" "27c22db71387248d6879a96042d66c3a2f7830e59b081d80781f35f522e8d992", kill_on_drop: false }`
[INFO] [stdout] 27c22db71387248d6879a96042d66c3a2f7830e59b081d80781f35f522e8d992
[INFO] running `Command { std: "docker" "create" "-v" "/var/lib/crater-agent-workspace/builds/worker-7/target:/opt/rustwide/target:rw,Z" "-v" "/var/lib/crater-agent-workspace/builds/worker-7/source:/opt/rustwide/workdir:ro,Z" "-v" "/var/lib/crater-agent-workspace/cargo-home:/opt/rustwide/cargo-home:ro,Z" "-v" "/var/lib/crater-agent-workspace/rustup-home:/opt/rustwide/rustup-home:ro,Z" "-e" "SOURCE_DIR=/opt/rustwide/workdir" "-e" "CARGO_TARGET_DIR=/opt/rustwide/target" "-e" "CARGO_INCREMENTAL=0" "-e" "RUST_BACKTRACE=full" "-e" "RUSTFLAGS=--cap-lints=forbid" "-e" "CARGO_HOME=/opt/rustwide/cargo-home" "-e" "RUSTUP_HOME=/opt/rustwide/rustup-home" "-w" "/opt/rustwide/workdir" "-m" "1610612736" "--user" "0:0" "--network" "none" "rustops/crates-build-env@sha256:d92eaeed33fa75130ca1ee6c8a01d1ffb62bac859dfdfb3450e3e5d1c0146529" "/opt/rustwide/cargo-home/bin/cargo" "+72f88fc4e9458f89516a0b8b0868f3718aec5b47" "check" "--frozen" "--all" "--all-targets" "--message-format=json", kill_on_drop: false }`
[INFO] [stderr] WARNING: Your kernel does not support swap limit capabilities or the cgroup is not mounted. Memory limited without swap.
[INFO] [stdout] 4240969fcfb240ab64f2785ff0054a4b80bfef51cd1af6aa9a400da9c0395f14
[INFO] running `Command { std: "docker" "start" "-a" "4240969fcfb240ab64f2785ff0054a4b80bfef51cd1af6aa9a400da9c0395f14", kill_on_drop: false }`
[INFO] [stderr]     Checking libc v0.2.34
[INFO] [stderr]    Compiling pkg-config v0.3.9
[INFO] [stderr]     Checking num-traits v0.1.41
[INFO] [stderr]     Checking encoding_index_tests v0.1.4
[INFO] [stderr]     Checking lazy_static v1.0.0
[INFO] [stderr]    Compiling unicode-xid v0.0.4
[INFO] [stderr]    Compiling cc v1.0.3
[INFO] [stderr]     Checking rustc-serialize v0.3.24
[INFO] [stderr]     Checking bitflags v1.0.1
[INFO] [stderr]     Checking stable_deref_trait v1.0.0
[INFO] [stderr]    Compiling quote v0.3.15
[INFO] [stderr]     Checking void v1.0.2
[INFO] [stderr]    Compiling procedural-masquerade v0.1.5
[INFO] [stderr]     Checking regex-syntax v0.4.1
[INFO] [stderr]     Checking cfg-if v0.1.2
[INFO] [stderr]     Checking smallvec v0.6.0
[INFO] [stderr]     Checking rustc-demangle v0.1.5
[INFO] [stderr]     Checking utf8-ranges v1.0.0
[INFO] [stderr]    Compiling gstreamer v0.9.1
[INFO] [stderr]     Checking chardet v0.2.4
[INFO] [stderr]     Checking strsim v0.6.0
[INFO] [stderr]     Checking muldiv v0.1.1
[INFO] [stderr]     Checking vec_map v0.8.0
[INFO] [stderr]     Checking log v0.3.8
[INFO] [stderr]     Checking ansi_term v0.10.2
[INFO] [stderr]     Checking colored v1.6.0
[INFO] [stderr]     Checking encoding-index-tradchinese v1.20141219.5
[INFO] [stderr]     Checking encoding-index-singlebyte v1.20141219.5
[INFO] [stderr]     Checking encoding-index-japanese v1.20141219.5
[INFO] [stderr]     Checking encoding-index-korean v1.20141219.5
[INFO] [stderr]     Checking encoding-index-simpchinese v1.20141219.5
[INFO] [stderr]     Checking unreachable v1.0.0
[INFO] [stderr]     Checking owning_ref v0.3.3
[INFO] [stderr]    Compiling synom v0.11.3
[INFO] [stderr]     Checking libloading v0.4.3
[INFO] [stderr]     Checking thread_local v0.3.5
[INFO] [stderr]     Checking rand v0.3.18
[INFO] [stderr]     Checking memchr v2.0.1
[INFO] [stderr]     Checking atty v0.2.6
[INFO] [stderr]     Checking termion v1.5.1
[INFO] [stderr]     Checking num-integer v0.1.35
[INFO] [stderr]    Compiling syn v0.11.11
[INFO] [stderr]     Checking aho-corasick v0.6.4
[INFO] [stderr]     Checking clap v2.29.0
[INFO] [stderr]     Checking encoding v0.2.33
[INFO] [stderr]     Checking num-iter v0.1.34
[INFO] [stderr]    Compiling glib-sys v0.5.0
[INFO] [stderr]    Compiling gobject-sys v0.5.0
[INFO] [stderr]    Compiling gstreamer-sys v0.3.0
[INFO] [stderr]     Checking parking_lot_core v0.2.8
[INFO] [stderr]     Checking regex v0.2.3
[INFO] [stderr]    Compiling backtrace-sys v0.1.16
[INFO] [stderr]     Checking parking_lot v0.4.8
[INFO] [stderr]     Checking env_logger v0.4.3
[INFO] [stderr]     Checking glib v0.4.0
[INFO] [stderr]     Checking num-bigint v0.1.41
[INFO] [stderr]     Checking num-complex v0.1.41
[INFO] [stderr]     Checking num-rational v0.1.40
[INFO] [stderr]    Compiling rental-impl v0.4.15
[INFO] [stderr]     Checking num v0.1.41
[INFO] [stderr]     Checking pitch_calc v0.11.1
[INFO] [stderr]     Checking backtrace v0.3.4
[INFO] [stderr]     Checking error-chain v0.11.0
[INFO] [stderr]     Checking ultrastar-txt v0.1.1
[INFO] [stderr]     Checking rental v0.4.16
[INFO] [stderr]     Checking al-sys v0.5.1
[INFO] [stdout] error[E0596]: cannot borrow `**func` as mutable, as it is behind a `*const` pointer
[INFO] [stdout]    --> /opt/rustwide/cargo-home/registry/src/github.com-1ecc6299db9ec823/gstreamer-0.9.1/src/iterator.rs:419:8
[INFO] [stdout]     |
[INFO] [stdout] 415 |     let func = func as *const &mut (FnMut(T) -> bool);
[INFO] [stdout]     |         ---- help: consider changing this to be a mutable pointer: `*mut &mut dyn FnMut(T) -> bool`
[INFO] [stdout] ...
[INFO] [stdout] 419 |     if (*func)(value) {
[INFO] [stdout]     |        ^^^^^^^ `func` is a `*const` pointer, so the data it refers to cannot be borrowed as mutable
[INFO] [stdout] 
[INFO] [stdout] 
[INFO] [stdout] error[E0596]: cannot borrow `**func` as mutable, as it is behind a `*const` pointer
[INFO] [stdout]    --> /opt/rustwide/cargo-home/registry/src/github.com-1ecc6299db9ec823/gstreamer-0.9.1/src/iterator.rs:435:5
[INFO] [stdout]     |
[INFO] [stdout] 431 |     let func = func as *const &mut (FnMut(T));
[INFO] [stdout]     |         ---- help: consider changing this to be a mutable pointer: `*mut &mut dyn FnMut(T)`
[INFO] [stdout] ...
[INFO] [stdout] 435 |     (*func)(value);
[INFO] [stdout]     |     ^^^^^^^ `func` is a `*const` pointer, so the data it refers to cannot be borrowed as mutable
[INFO] [stdout] 
[INFO] [stdout] 
[INFO] [stdout] error[E0596]: cannot borrow `**func` as mutable, as it is behind a `*const` pointer
[INFO] [stdout]    --> /opt/rustwide/cargo-home/registry/src/github.com-1ecc6299db9ec823/gstreamer-0.9.1/src/iterator.rs:453:11
[INFO] [stdout]     |
[INFO] [stdout] 447 |     let func = func as *const &mut (FnMut(U, T) -> Result<U, U>);
[INFO] [stdout]     |         ---- help: consider changing this to be a mutable pointer: `*mut &mut dyn FnMut(U, T) -> std::result::Result<U, U>`
[INFO] [stdout] ...
[INFO] [stdout] 453 |     match (*func)(accum.take().unwrap(), value) {
[INFO] [stdout]     |           ^^^^^^^ `func` is a `*const` pointer, so the data it refers to cannot be borrowed as mutable
[INFO] [stdout] 
[INFO] [stdout] 
[INFO] [stderr]     Checking alto v3.0.1
[INFO] [stdout] error: aborting due to 3 previous errors
[INFO] [stdout] 
[INFO] [stdout] 
[INFO] [stdout] For more information about this error, try `rustc --explain E0596`.
[INFO] [stdout] 
[INFO] [stderr] error: could not compile `gstreamer`.
[INFO] [stderr] 
[INFO] [stderr] To learn more, run the command again with --verbose.
[INFO] [stderr] warning: build failed, waiting for other jobs to finish...
[INFO] [stderr] error: build failed
[INFO] running `Command { std: "docker" "inspect" "4240969fcfb240ab64f2785ff0054a4b80bfef51cd1af6aa9a400da9c0395f14", kill_on_drop: false }`
[INFO] running `Command { std: "docker" "rm" "-f" "4240969fcfb240ab64f2785ff0054a4b80bfef51cd1af6aa9a400da9c0395f14", kill_on_drop: false }`
[INFO] [stdout] 4240969fcfb240ab64f2785ff0054a4b80bfef51cd1af6aa9a400da9c0395f14
